{"id":211,"date":"2013-11-25T09:14:01","date_gmt":"2013-11-25T08:14:01","guid":{"rendered":"http:\/\/www.kraftonline.org\/?page_id=211"},"modified":"2013-11-25T09:16:07","modified_gmt":"2013-11-25T08:16:07","slug":"mein-erster-jetta","status":"publish","type":"page","link":"http:\/\/www.kraftonline.org\/?page_id=211","title":{"rendered":"Mein erster Jetta"},"content":{"rendered":"<h2 style=\"text-align: center;\">Das war mein erster Jetta<\/h2>\n<p style=\"text-align: center;\">Damit habe ich bis Ende 1991 die Rallye- und Slalompisten unsicher gemacht.<\/p>\n<p style=\"text-align: center;\">Baujahr 1981; 70PS; 1500ccm<br \/>\n&#8211; alles Serie bis auf das Fahrwerk &#8211; ein Sachs Rallye Fahrwerk und nat\u00fcrlich ein \u00dcberrollb\u00fcgel.<\/p>\n<p style=\"text-align: center;\"><img decoding=\"async\" loading=\"lazy\" class=\"aligncenter\" alt=\"\" src=\"http:\/\/www.kraftonline.org\/Jetta\/Jetta_im_Drift.jpg\" width=\"400\" height=\"272\" \/><\/p>\n<p style=\"text-align: center;\">Was an Leistung fehlte musste durch Einsatz wett gemacht werden.<br \/>\nEinige Klassensiege in der G5 hat er mir beschert.<br \/>\n\u00dcber den Klassensieg bem Slalom Horlofftal in der H bis 1600ccm gegen weitaus st\u00e4rkere Boliden habe ich mich besonders gefreut. Auch wenn es geregnet hat. Glatte Fahrbahn war immer meine st\u00e4rke.<\/p>\n<p style=\"text-align: center;\">Leider wurde dieser Jetta in 1991 Opfer eines unverschuldeten Verkehrsunfalls.<br \/>\nDanach sah er so aus:<\/p>\n<p style=\"text-align: center;\"><img decoding=\"async\" loading=\"lazy\" class=\"aligncenter\" alt=\"\" src=\"http:\/\/www.kraftonline.org\/Jetta\/Jetta_Ende.jpg\" width=\"400\" height=\"259\" \/><\/p>\n<p style=\"text-align: center;\">Der Gutachter meinte &#8222;unrettbar&#8220;, also war ausschlachten angesagt!<\/p>\n<p style=\"text-align: center;\">So sah das Auto dann aus und ging zum Verwerter:<\/p>\n<p style=\"text-align: center;\"><img decoding=\"async\" loading=\"lazy\" class=\"aligncenter\" alt=\"\" src=\"http:\/\/www.kraftonline.org\/Jetta\/Jetta_alt_neu.jpg\" width=\"400\" height=\"218\" \/><\/p>\n<p style=\"text-align: center;\">Viele Teile liegen heute noch bei mir im Regal, oder sind bei der Restaurierung des &#8222;neuen&#8220; wieder verbaut worden.<\/p>\n<p style=\"text-align: center;\">Der schwarze Jetta vor dem Anh\u00e4nger ist mein &#8222;neuer&#8220;, den ich gleich im Anschluss angeschafft habe.<br \/>\nEin echter Jetta 1 GLI Baujahr 79, somit einer der ersten seiner Art.<\/p>\n","protected":false},"excerpt":{"rendered":"<p>Das war mein erster Jetta <\/p>\n<p style=\"text-align: center;\">Damit habe ich bis Ende 1991 die Rallye- und Slalompisten unsicher gemacht.<\/p>\n<p style=\"text-align: center;\">Baujahr 1981; 70PS; 1500ccm &#8211; alles Serie bis auf das Fahrwerk &#8211; ein Sachs Rallye Fahrwerk und nat\u00fcrlich ein \u00dcberrollb\u00fcgel.<\/p>\n<p style=\"text-align: center;\">\n<p style=\"text-align: center;\">Was an Leistung fehlte musste durch Einsatz wett gemacht [&#8230;]<\/p>\n","protected":false},"author":2,"featured_media":0,"parent":87,"menu_order":3,"comment_status":"closed","ping_status":"closed","template":"","meta":[],"_links":{"self":[{"href":"http:\/\/www.kraftonline.org\/index.php?rest_route=\/wp\/v2\/pages\/211"}],"collection":[{"href":"http:\/\/www.kraftonline.org\/index.php?rest_route=\/wp\/v2\/pages"}],"about":[{"href":"http:\/\/www.kraftonline.org\/index.php?rest_route=\/wp\/v2\/types\/page"}],"author":[{"embeddable":true,"href":"http:\/\/www.kraftonline.org\/index.php?rest_route=\/wp\/v2\/users\/2"}],"replies":[{"embeddable":true,"href":"http:\/\/www.kraftonline.org\/index.php?rest_route=%2Fwp%2Fv2%2Fcomments&post=211"}],"version-history":[{"count":6,"href":"http:\/\/www.kraftonline.org\/index.php?rest_route=\/wp\/v2\/pages\/211\/revisions"}],"predecessor-version":[{"id":217,"href":"http:\/\/www.kraftonline.org\/index.php?rest_route=\/wp\/v2\/pages\/211\/revisions\/217"}],"up":[{"embeddable":true,"href":"http:\/\/www.kraftonline.org\/index.php?rest_route=\/wp\/v2\/pages\/87"}],"wp:attachment":[{"href":"http:\/\/www.kraftonline.org\/index.php?rest_route=%2Fwp%2Fv2%2Fmedia&parent=211"}],"curies":[{"name":"wp","href":"https:\/\/api.w.org\/{rel}","templated":true}]}}

<h2 style="text-align: center;">Das war mein erster Jetta</h2>
<p style="text-align: center;">Damit habe ich bis Ende 1991 die Rallye- und Slalompisten unsicher gemacht.</p>
<p style="text-align: center;">Baujahr 1981; 70PS; 1500ccm<br />
&#8211; alles Serie bis auf das Fahrwerk &#8211; ein Sachs Rallye Fahrwerk und natürlich ein Überrollbügel.</p>
<p style="text-align: center;"><img decoding="async" loading="lazy" class="aligncenter" alt="" src="http://www.kraftonline.org/Jetta/Jetta_im_Drift.jpg" width="400" height="272" /></p>
<p style="text-align: center;">Was an Leistung fehlte musste durch Einsatz wett gemacht werden.<br />
Einige Klassensiege in der G5 hat er mir beschert.<br />
Über den Klassensieg bem Slalom Horlofftal in der H bis 1600ccm gegen weitaus stärkere Boliden habe ich mich besonders gefreut. Auch wenn es geregnet hat. Glatte Fahrbahn war immer meine stärke.</p>
<p style="text-align: center;">Leider wurde dieser Jetta in 1991 Opfer eines unverschuldeten Verkehrsunfalls.<br />
Danach sah er so aus:</p>
<p style="text-align: center;"><img decoding="async" loading="lazy" class="aligncenter" alt="" src="http://www.kraftonline.org/Jetta/Jetta_Ende.jpg" width="400" height="259" /></p>
<p style="text-align: center;">Der Gutachter meinte &#8222;unrettbar&#8220;, also war ausschlachten angesagt!</p>
<p style="text-align: center;">So sah das Auto dann aus und ging zum Verwerter:</p>
<p style="text-align: center;"><img decoding="async" loading="lazy" class="aligncenter" alt="" src="http://www.kraftonline.org/Jetta/Jetta_alt_neu.jpg" width="400" height="218" /></p>
<p style="text-align: center;">Viele Teile liegen heute noch bei mir im Regal, oder sind bei der Restaurierung des &#8222;neuen&#8220; wieder verbaut worden.</p>
<p style="text-align: center;">Der schwarze Jetta vor dem Anhänger ist mein &#8222;neuer&#8220;, den ich gleich im Anschluss angeschafft habe.<br />
Ein echter Jetta 1 GLI Baujahr 79, somit einer der ersten seiner Art.</p>

<p>Das war mein erster Jetta </p>
<p style="text-align: center;">Damit habe ich bis Ende 1991 die Rallye- und Slalompisten unsicher gemacht.</p>
<p style="text-align: center;">Baujahr 1981; 70PS; 1500ccm &#8211; alles Serie bis auf das Fahrwerk &#8211; ein Sachs Rallye Fahrwerk und natürlich ein Überrollbügel.</p>
<p style="text-align: center;">
<p style="text-align: center;">Was an Leistung fehlte musste durch Einsatz wett gemacht [&#8230;]</p>
