{"id":328,"date":"2013-11-25T13:42:53","date_gmt":"2013-11-25T12:42:53","guid":{"rendered":"http:\/\/www.kraftonline.org\/?page_id=328"},"modified":"2014-12-08T21:22:36","modified_gmt":"2014-12-08T20:22:36","slug":"fotopage-2","status":"publish","type":"page","link":"http:\/\/www.kraftonline.org\/?page_id=328","title":{"rendered":"Fotopage"},"content":{"rendered":"<p align=\"center\">Bertils private Fotopage<\/p>\n<p>&nbsp;<\/p>\n<table border=\"1\">\n<colgroup>\n<col width=\"5%\" \/>\n<col width=\"70%\" \/>\n<col width=\"5%\" \/> <\/colgroup>\n<tbody>\n<tr>\n<td><\/td>\n<td>Meine Private Fotopage<\/td>\n<td><\/td>\n<\/tr>\n<tr>\n<td><\/td>\n<td>Willkommen auf meiner privaten Fotoseite.<br \/>\nAuf den folgenden Seiten m\u00f6chte ich gerne meine Erfahrungen mit den unterschiedlichen Fototechnischen Ger\u00e4ten weitergeben. Diese Beschreibungen sind rein subjektiv und stellen keinen Anspruch auf Allgemeing\u00fcltigkeit.<br \/>\n<b>Die hier ver\u00f6ffentlichten Fotos d\u00fcrfen nicht weiterverwendet werden, da sie allesamt meinem Urheberrecht unterliegen.<\/b><br \/>\nGegen eine Verlinkung der Artikel habe ich nichts einzuwenden.<\/td>\n<td><\/td>\n<\/tr>\n<tr>\n<td><\/td>\n<td><\/td>\n<td><\/td>\n<\/tr>\n<tr>\n<td><\/td>\n<td><\/td>\n<td><\/td>\n<\/tr>\n<\/tbody>\n<\/table>\n<p><a title=\"Kamerahistorie\" href=\"http:\/\/www.kraftonline.org\/?page_id=337\">Kamerahistorie<\/a><br \/>\n<a title=\"Ausr\u00fcstungsdaten\" href=\"http:\/\/www.kraftonline.org\/?page_id=443\">Ausr\u00fcstungsdaten<\/a><\/p>\n<p align=\"center\">\u00a9 2014 Bertil Kraft<\/p>\n","protected":false},"excerpt":{"rendered":"<p align=\"center\">Bertils private Fotopage<\/p>\n<p>&nbsp;<\/p>\n<p> Meine Private Fotopage Willkommen auf meiner privaten Fotoseite. Auf den folgenden Seiten m\u00f6chte ich gerne meine Erfahrungen mit den unterschiedlichen Fototechnischen Ger\u00e4ten weitergeben. Diese Beschreibungen sind rein subjektiv und stellen keinen Anspruch auf Allgemeing\u00fcltigkeit. Die hier ver\u00f6ffentlichten Fotos d\u00fcrfen nicht weiterverwendet werden, da sie allesamt meinem Urheberrecht unterliegen. Gegen eine [&#8230;]<\/p>\n","protected":false},"author":2,"featured_media":0,"parent":0,"menu_order":8,"comment_status":"closed","ping_status":"closed","template":"","meta":[],"_links":{"self":[{"href":"http:\/\/www.kraftonline.org\/index.php?rest_route=\/wp\/v2\/pages\/328"}],"collection":[{"href":"http:\/\/www.kraftonline.org\/index.php?rest_route=\/wp\/v2\/pages"}],"about":[{"href":"http:\/\/www.kraftonline.org\/index.php?rest_route=\/wp\/v2\/types\/page"}],"author":[{"embeddable":true,"href":"http:\/\/www.kraftonline.org\/index.php?rest_route=\/wp\/v2\/users\/2"}],"replies":[{"embeddable":true,"href":"http:\/\/www.kraftonline.org\/index.php?rest_route=%2Fwp%2Fv2%2Fcomments&post=328"}],"version-history":[{"count":14,"href":"http:\/\/www.kraftonline.org\/index.php?rest_route=\/wp\/v2\/pages\/328\/revisions"}],"predecessor-version":[{"id":466,"href":"http:\/\/www.kraftonline.org\/index.php?rest_route=\/wp\/v2\/pages\/328\/revisions\/466"}],"wp:attachment":[{"href":"http:\/\/www.kraftonline.org\/index.php?rest_route=%2Fwp%2Fv2%2Fmedia&parent=328"}],"curies":[{"name":"wp","href":"https:\/\/api.w.org\/{rel}","templated":true}]}}

<p align="center">Bertils private Fotopage</p>
<p>&nbsp;</p>
<table border="1">
<colgroup>
<col width="5%" />
<col width="70%" />
<col width="5%" /> </colgroup>
<tbody>
<tr>
<td></td>
<td>Meine Private Fotopage</td>
<td></td>
</tr>
<tr>
<td></td>
<td>Willkommen auf meiner privaten Fotoseite.<br />
Auf den folgenden Seiten möchte ich gerne meine Erfahrungen mit den unterschiedlichen Fototechnischen Geräten weitergeben. Diese Beschreibungen sind rein subjektiv und stellen keinen Anspruch auf Allgemeingültigkeit.<br />
<b>Die hier veröffentlichten Fotos dürfen nicht weiterverwendet werden, da sie allesamt meinem Urheberrecht unterliegen.</b><br />
Gegen eine Verlinkung der Artikel habe ich nichts einzuwenden.</td>
<td></td>
</tr>
<tr>
<td></td>
<td></td>
<td></td>
</tr>
<tr>
<td></td>
<td></td>
<td></td>
</tr>
</tbody>
</table>
<p><a title="Kamerahistorie" href="http://www.kraftonline.org/?page_id=337">Kamerahistorie</a><br />
<a title="Ausrüstungsdaten" href="http://www.kraftonline.org/?page_id=443">Ausrüstungsdaten</a></p>
<p align="center">© 2014 Bertil Kraft</p>

<p align="center">Bertils private Fotopage</p>
<p>&nbsp;</p>
<p> Meine Private Fotopage Willkommen auf meiner privaten Fotoseite. Auf den folgenden Seiten möchte ich gerne meine Erfahrungen mit den unterschiedlichen Fototechnischen Geräten weitergeben. Diese Beschreibungen sind rein subjektiv und stellen keinen Anspruch auf Allgemeingültigkeit. Die hier veröffentlichten Fotos dürfen nicht weiterverwendet werden, da sie allesamt meinem Urheberrecht unterliegen. Gegen eine [&#8230;]</p>
